{"id":167,"date":"2015-12-19T18:56:17","date_gmt":"2015-12-19T18:56:17","guid":{"rendered":"http:\/\/iguz-bremen.de\/?page_id=167"},"modified":"2022-09-08T05:12:32","modified_gmt":"2022-09-08T05:12:32","slug":"ergebnisse-der-dv-wahl","status":"publish","type":"page","link":"http:\/\/iguz-bremen.de\/?page_id=167","title":{"rendered":"Ergebnisse der Vorstandswahl der Z\u00c4K Bremen 2020"},"content":{"rendered":"<p>In den Vorstand der Zahn\u00e4rztekammer Bremen wurden f\u00fcr die Legislatur 2020 &#8211; 2024 gew\u00e4hlt<\/p>\n<p><strong>Pr\u00e4sident<\/strong> -Dr. Wolfgang Menke<br \/>\n<strong>Vizepr\u00e4sident<\/strong> &#8211; Wolf-Peter Behnke<br \/>\n<strong>Vorstandsmitglied<\/strong> &#8211; Andreas B\u00f6sch<br \/>\n<strong>Vorstandsmitglied<\/strong> &#8211; Maria Schletter<\/p>\n<p>&nbsp;<\/p>\n","protected":false},"excerpt":{"rendered":"<p>In den Vorstand der Zahn\u00e4rztekammer Bremen wurden f\u00fcr die Legislatur 2020 &#8211; 2024 gew\u00e4hlt Pr\u00e4sident -Dr. Wolfgang Menke Vizepr\u00e4sident &#8211; Wolf-Peter Behnke Vorstandsmitglied &#8211; Andreas B\u00f6sch Vorstandsmitglied &#8211; Maria Schletter &nbsp; <a class=\"continue-reading-link\" href=\"http:\/\/iguz-bremen.de\/?page_id=167\"> Continue reading<\/a><\/p>\n<p> <a class=\"continue-reading-link\" href=\"http:\/\/iguz-bremen.de\/?page_id=167\"> Continue reading<\/a><\/p>\n","protected":false},"author":1,"featured_media":0,"parent":182,"menu_order":35,"comment_status":"closed","ping_status":"closed","template":"","meta":[],"_links":{"self":[{"href":"http:\/\/iguz-bremen.de\/index.php?rest_route=\/wp\/v2\/pages\/167"}],"collection":[{"href":"http:\/\/iguz-bremen.de\/index.php?rest_route=\/wp\/v2\/pages"}],"about":[{"href":"http:\/\/iguz-bremen.de\/index.php?rest_route=\/wp\/v2\/types\/page"}],"author":[{"embeddable":true,"href":"http:\/\/iguz-bremen.de\/index.php?rest_route=\/wp\/v2\/users\/1"}],"replies":[{"embeddable":true,"href":"http:\/\/iguz-bremen.de\/index.php?rest_route=%2Fwp%2Fv2%2Fcomments&post=167"}],"version-history":[{"count":7,"href":"http:\/\/iguz-bremen.de\/index.php?rest_route=\/wp\/v2\/pages\/167\/revisions"}],"predecessor-version":[{"id":256,"href":"http:\/\/iguz-bremen.de\/index.php?rest_route=\/wp\/v2\/pages\/167\/revisions\/256"}],"up":[{"embeddable":true,"href":"http:\/\/iguz-bremen.de\/index.php?rest_route=\/wp\/v2\/pages\/182"}],"wp:attachment":[{"href":"http:\/\/iguz-bremen.de\/index.php?rest_route=%2Fwp%2Fv2%2Fmedia&parent=167"}],"curies":[{"name":"wp","href":"https:\/\/api.w.org\/{rel}","templated":true}]}}

Ergebnisse der Vorstandswahl der ZÄK Bremen 2020

<p>In den Vorstand der Zahnärztekammer Bremen wurden für die Legislatur 2020 &#8211; 2024 gewählt</p>
<p><strong>Präsident</strong> -Dr. Wolfgang Menke<br />
<strong>Vizepräsident</strong> &#8211; Wolf-Peter Behnke<br />
<strong>Vorstandsmitglied</strong> &#8211; Andreas Bösch<br />
<strong>Vorstandsmitglied</strong> &#8211; Maria Schletter</p>
<p>&nbsp;</p>

<p>In den Vorstand der Zahnärztekammer Bremen wurden für die Legislatur 2020 &#8211; 2024 gewählt Präsident -Dr. Wolfgang Menke Vizepräsident &#8211; Wolf-Peter Behnke Vorstandsmitglied &#8211; Andreas Bösch Vorstandsmitglied &#8211; Maria Schletter &nbsp; <a class="continue-reading-link" href="http://iguz-bremen.de/?page_id=167"> Continue reading</a></p>
<p> <a class="continue-reading-link" href="http://iguz-bremen.de/?page_id=167"> Continue reading</a></p>
