{"id":208,"date":"2016-09-13T23:33:21","date_gmt":"2016-09-13T23:33:21","guid":{"rendered":"http:\/\/iguz-bremen.de\/?page_id=208"},"modified":"2022-09-18T13:22:22","modified_gmt":"2022-09-18T13:22:22","slug":"wahl-des-neuen-kzv-vorstands","status":"publish","type":"page","link":"http:\/\/iguz-bremen.de\/?page_id=208","title":{"rendered":"Wahl des neuen KZV Vorstands f\u00fcr die Amtsperiode 2023-2028"},"content":{"rendered":"<p>Die Wahl des neuen Vorstandes der KZV Bremen erfolgte am 14.09.2022<\/p>\n<p>Als Vorsitzender des Vorstandes wurde der bisherige Amtsinhaber Martin Sztraka mit gro\u00dfer Mehrheit wiedergew\u00e4hlt.<br \/>\nDer langj\u00e4hrige stellv. Vorsitzenden Herr Oliver Woitke hatte fr\u00fchzeitig erkl\u00e4rt, nicht wieder zu kandidieren.<br \/>\nAls seinen Nachfolger ab dem 01.01.2023 w\u00e4hlte die Vertreterversammlung ebenfalls mit gro\u00dfer Mehrheit Herrn Frank Wessels, bisher t\u00e4tig f\u00fcr die Landesvertretung Bremen der Techniker Krankenkasse.<\/p>\n","protected":false},"excerpt":{"rendered":"<p>Die Wahl des neuen Vorstandes der KZV Bremen erfolgte am 14.09.2022 Als Vorsitzender des Vorstandes wurde der bisherige Amtsinhaber Martin Sztraka mit gro\u00dfer Mehrheit wiedergew\u00e4hlt. Der langj\u00e4hrige stellv. Vorsitzenden Herr Oliver Woitke hatte fr\u00fchzeitig erkl\u00e4rt, nicht wieder zu kandidieren. Als seinen Nachfolger ab dem 01.01.2023 w\u00e4hlte die Vertreterversammlung ebenfalls mit \u2026 <a class=\"continue-reading-link\" href=\"http:\/\/iguz-bremen.de\/?page_id=208\"> Continue reading<\/a><\/p>\n<p> <a class=\"continue-reading-link\" href=\"http:\/\/iguz-bremen.de\/?page_id=208\"> Continue reading<\/a><\/p>\n","protected":false},"author":1,"featured_media":0,"parent":61,"menu_order":40,"comment_status":"closed","ping_status":"closed","template":"","meta":[],"_links":{"self":[{"href":"http:\/\/iguz-bremen.de\/index.php?rest_route=\/wp\/v2\/pages\/208"}],"collection":[{"href":"http:\/\/iguz-bremen.de\/index.php?rest_route=\/wp\/v2\/pages"}],"about":[{"href":"http:\/\/iguz-bremen.de\/index.php?rest_route=\/wp\/v2\/types\/page"}],"author":[{"embeddable":true,"href":"http:\/\/iguz-bremen.de\/index.php?rest_route=\/wp\/v2\/users\/1"}],"replies":[{"embeddable":true,"href":"http:\/\/iguz-bremen.de\/index.php?rest_route=%2Fwp%2Fv2%2Fcomments&post=208"}],"version-history":[{"count":6,"href":"http:\/\/iguz-bremen.de\/index.php?rest_route=\/wp\/v2\/pages\/208\/revisions"}],"predecessor-version":[{"id":326,"href":"http:\/\/iguz-bremen.de\/index.php?rest_route=\/wp\/v2\/pages\/208\/revisions\/326"}],"up":[{"embeddable":true,"href":"http:\/\/iguz-bremen.de\/index.php?rest_route=\/wp\/v2\/pages\/61"}],"wp:attachment":[{"href":"http:\/\/iguz-bremen.de\/index.php?rest_route=%2Fwp%2Fv2%2Fmedia&parent=208"}],"curies":[{"name":"wp","href":"https:\/\/api.w.org\/{rel}","templated":true}]}}

Wahl des neuen KZV Vorstands für die Amtsperiode 2023-2028

<p>Die Wahl des neuen Vorstandes der KZV Bremen erfolgte am 14.09.2022</p>
<p>Als Vorsitzender des Vorstandes wurde der bisherige Amtsinhaber Martin Sztraka mit großer Mehrheit wiedergewählt.<br />
Der langjährige stellv. Vorsitzenden Herr Oliver Woitke hatte frühzeitig erklärt, nicht wieder zu kandidieren.<br />
Als seinen Nachfolger ab dem 01.01.2023 wählte die Vertreterversammlung ebenfalls mit großer Mehrheit Herrn Frank Wessels, bisher tätig für die Landesvertretung Bremen der Techniker Krankenkasse.</p>

<p>Die Wahl des neuen Vorstandes der KZV Bremen erfolgte am 14.09.2022 Als Vorsitzender des Vorstandes wurde der bisherige Amtsinhaber Martin Sztraka mit großer Mehrheit wiedergewählt. Der langjährige stellv. Vorsitzenden Herr Oliver Woitke hatte frühzeitig erklärt, nicht wieder zu kandidieren. Als seinen Nachfolger ab dem 01.01.2023 wählte die Vertreterversammlung ebenfalls mit … <a class="continue-reading-link" href="http://iguz-bremen.de/?page_id=208"> Continue reading</a></p>
<p> <a class="continue-reading-link" href="http://iguz-bremen.de/?page_id=208"> Continue reading</a></p>
