{"id":298,"date":"2022-09-07T21:15:41","date_gmt":"2022-09-07T21:15:41","guid":{"rendered":"http:\/\/iguz-bremen.de\/?page_id=298"},"modified":"2022-09-08T05:11:14","modified_gmt":"2022-09-08T05:11:14","slug":"wofuer-steht-die-iguz-bei-der-wahl-zur-vertreterversammlung","status":"publish","type":"page","link":"http:\/\/iguz-bremen.de\/?page_id=298","title":{"rendered":"Wof\u00fcr steht die IGUZ bei der Wahl zur Vertreterversammlung 2023 &#8211; 2028?"},"content":{"rendered":"\n<div class=\"wp-container-3 wp-block-columns\">\n<div class=\"wp-container-1 wp-block-column\" style=\"flex-basis:50%\">\n<figure class=\"wp-block-image size-large is-resized\"><a href=\"http:\/\/iguz-bremen.de\/wp-content\/uploads\/2022\/09\/B63516E2-5E18-40A7-B1B5-5563F1EF6837_1_201_a.jpeg\"><img loading=\"lazy\" src=\"http:\/\/iguz-bremen.de\/wp-content\/uploads\/2022\/09\/B63516E2-5E18-40A7-B1B5-5563F1EF6837_1_201_a-1010x1024.jpeg\" alt=\"\" class=\"wp-image-311\" width=\"351\" height=\"355\" srcset=\"http:\/\/iguz-bremen.de\/wp-content\/uploads\/2022\/09\/B63516E2-5E18-40A7-B1B5-5563F1EF6837_1_201_a-1010x1024.jpeg 1010w, http:\/\/iguz-bremen.de\/wp-content\/uploads\/2022\/09\/B63516E2-5E18-40A7-B1B5-5563F1EF6837_1_201_a-296x300.jpeg 296w, http:\/\/iguz-bremen.de\/wp-content\/uploads\/2022\/09\/B63516E2-5E18-40A7-B1B5-5563F1EF6837_1_201_a-768x779.jpeg 768w, http:\/\/iguz-bremen.de\/wp-content\/uploads\/2022\/09\/B63516E2-5E18-40A7-B1B5-5563F1EF6837_1_201_a-148x150.jpeg 148w, http:\/\/iguz-bremen.de\/wp-content\/uploads\/2022\/09\/B63516E2-5E18-40A7-B1B5-5563F1EF6837_1_201_a.jpeg 1491w\" sizes=\"(max-width: 351px) 100vw, 351px\" \/><\/a><figcaption>Frau Dr. Yvonne Feurig <br><strong>Niederlassung<\/strong> 1992<br><strong>Mitglied<\/strong> im Finanzausschuss und der DV der Zahn\u00e4rztekammer Bremen<br><strong>Mitglied<\/strong> im Finanzausschuss und in der Vertreterversammlung der<br>KZV Bremen<\/figcaption><\/figure>\n<\/div>\n\n\n\n<div class=\"wp-container-2 wp-block-column\" style=\"flex-basis:50%\">\n<figure class=\"wp-block-image size-large is-resized\"><a href=\"http:\/\/iguz-bremen.de\/wp-content\/uploads\/2015\/10\/IMG_0229.jpg\"><img loading=\"lazy\" src=\"http:\/\/iguz-bremen.de\/wp-content\/uploads\/2015\/10\/IMG_0229-1024x1024.jpg\" alt=\"\" class=\"wp-image-51\" width=\"353\" height=\"353\" srcset=\"http:\/\/iguz-bremen.de\/wp-content\/uploads\/2015\/10\/IMG_0229-1024x1024.jpg 1024w, http:\/\/iguz-bremen.de\/wp-content\/uploads\/2015\/10\/IMG_0229-150x150.jpg 150w, http:\/\/iguz-bremen.de\/wp-content\/uploads\/2015\/10\/IMG_0229-300x300.jpg 300w\" sizes=\"(max-width: 353px) 100vw, 353px\" \/><\/a><\/figure>\n\n\n\n<p>Dr. Reinhold Gabriel<br><strong>Niederlassung<\/strong> 1988<br>Gr\u00fcndungsmitglied der IGUZ und seitdem im<br>IGUZ Vorstand<\/p>\n\n\n\n<p><\/p>\n<\/div>\n<\/div>\n\n\n\n<div class=\"wp-container-6 wp-block-columns\">\n<div class=\"wp-container-5 wp-block-column\" style=\"flex-basis:100%\">\n<div class=\"wp-container-4 wp-block-group\"><div class=\"wp-block-group__inner-container\"><\/div><\/div>\n<\/div>\n<\/div>\n\n\n\n<p>F\u00fcr die Wahl zur Vertreterversammlung kandidieren Frau Dr. Yvonne Feurig und Herr Dr. Reinhold Gabriel<\/p>\n\n\n\n<p>F\u00fcr die Arbeit in der Vertreterversammlung sehen die Kandidaten der IGUZ folgende Schwerpunkte:<\/p>\n\n\n\n<p>Verhinderung der Budgetierung und Punktwertreduktion durch das GKV-Finanzstabiliserungsgesetz im zahn\u00e4rztlichen Bereich.&nbsp;<strong>Wir brauchen ad\u00e4quate Verg\u00fctung der zahn\u00e4rztlichen Leistungen bei steigender Inflation und steigenden Energiepreisen.<\/strong><\/p>\n\n\n\n<p>Erstattung aller Kosten die im Zusammenhang mit der Telematikinfrastruktur entstehen.&nbsp;<strong>Keine zus\u00e4tzlichen Kosten f\u00fcr die Praxen-EDV die keinen zus\u00e4tzlichen Nutzen bringt.<\/strong><\/p>\n\n\n\n<p>Bessere Rahmenbedingungen f\u00fcr die T\u00e4tigkeit in der Praxis und planbare und verl\u00e4sslichere wirtschaftliche Rahmenbedingungen.&nbsp;<strong>weniger B\u00fcrokratie &#8211; mehr Praxis<\/strong><\/p>\n\n\n\n<p>Keine Sicherstellungsinstrumente der KZV Bremen f\u00fcr verfehlte Gesundheitspolitik zu Lasten der Selbst\u00e4ndigen Zahn\u00e4rztinnen und Zahn\u00e4rzte.&nbsp;<strong>Keine Zahnarztpraxen, die durch Mitgliedsbeitr\u00e4ge finanziert werden.<\/strong><\/p>\n\n\n\n<p>Keine Eingriffe in die Vertragsautonomie der KZV und den Krankenkassen durch gesetzliche Punktwertabsenkungen. Verg\u00fctungsanpassung an den derzeit realen Kostensteigerungen.&nbsp;<strong>Punktwertanpassungen, die sich an der Realit\u00e4t orientieren.<\/strong><\/p>\n\n\n\n<p>Keine weiteren investorgertragenen zahn\u00e4rztlichen MVZ im Lande Bremen, f\u00fcr eine Verbesserung der Rahmenbedingungen f\u00fcr inhabergef\u00fchrte Zahnarztpraxen.<\/p>\n\n\n\n<p>Haben Sie Fragen oder Anregungen, so nehmen Sie gerne Kontakt mit uns auf.<\/p>\n\n\n\n<figure class=\"wp-block-image size-full is-resized\"><a href=\"http:\/\/iguz-bremen.de\/wp-content\/uploads\/2016\/09\/FullSizeRender.jpg\"><img loading=\"lazy\" src=\"http:\/\/iguz-bremen.de\/wp-content\/uploads\/2016\/09\/FullSizeRender.jpg\" alt=\"\" class=\"wp-image-210\" width=\"836\" height=\"549\" srcset=\"http:\/\/iguz-bremen.de\/wp-content\/uploads\/2016\/09\/FullSizeRender.jpg 640w, http:\/\/iguz-bremen.de\/wp-content\/uploads\/2016\/09\/FullSizeRender-300x197.jpg 300w, http:\/\/iguz-bremen.de\/wp-content\/uploads\/2016\/09\/FullSizeRender-229x150.jpg 229w, http:\/\/iguz-bremen.de\/wp-content\/uploads\/2016\/09\/FullSizeRender-150x98.jpg 150w\" sizes=\"(max-width: 836px) 100vw, 836px\" \/><\/a><\/figure>\n","protected":false},"excerpt":{"rendered":"<p>Dr. Reinhold GabrielNiederlassung 1988Gr\u00fcndungsmitglied der IGUZ und seitdem imIGUZ Vorstand F\u00fcr die Wahl zur Vertreterversammlung kandidieren Frau Dr. Yvonne Feurig und Herr Dr. Reinhold Gabriel F\u00fcr die Arbeit in der Vertreterversammlung sehen die Kandidaten der IGUZ folgende Schwerpunkte: Verhinderung der Budgetierung und Punktwertreduktion durch das GKV-Finanzstabiliserungsgesetz im zahn\u00e4rztlichen Bereich.&nbsp;Wir brauchen \u2026 <a class=\"continue-reading-link\" href=\"http:\/\/iguz-bremen.de\/?page_id=298\"> Continue reading<\/a><\/p>\n<p> <a class=\"continue-reading-link\" href=\"http:\/\/iguz-bremen.de\/?page_id=298\"> Continue reading<\/a><\/p>\n","protected":false},"author":1,"featured_media":0,"parent":61,"menu_order":10,"comment_status":"closed","ping_status":"closed","template":"","meta":[],"_links":{"self":[{"href":"http:\/\/iguz-bremen.de\/index.php?rest_route=\/wp\/v2\/pages\/298"}],"collection":[{"href":"http:\/\/iguz-bremen.de\/index.php?rest_route=\/wp\/v2\/pages"}],"about":[{"href":"http:\/\/iguz-bremen.de\/index.php?rest_route=\/wp\/v2\/types\/page"}],"author":[{"embeddable":true,"href":"http:\/\/iguz-bremen.de\/index.php?rest_route=\/wp\/v2\/users\/1"}],"replies":[{"embeddable":true,"href":"http:\/\/iguz-bremen.de\/index.php?rest_route=%2Fwp%2Fv2%2Fcomments&post=298"}],"version-history":[{"count":8,"href":"http:\/\/iguz-bremen.de\/index.php?rest_route=\/wp\/v2\/pages\/298\/revisions"}],"predecessor-version":[{"id":315,"href":"http:\/\/iguz-bremen.de\/index.php?rest_route=\/wp\/v2\/pages\/298\/revisions\/315"}],"up":[{"embeddable":true,"href":"http:\/\/iguz-bremen.de\/index.php?rest_route=\/wp\/v2\/pages\/61"}],"wp:attachment":[{"href":"http:\/\/iguz-bremen.de\/index.php?rest_route=%2Fwp%2Fv2%2Fmedia&parent=298"}],"curies":[{"name":"wp","href":"https:\/\/api.w.org\/{rel}","templated":true}]}}

Wofür steht die IGUZ bei der Wahl zur Vertreterversammlung 2023 &#8211; 2028?

<div class="wp-container-3 wp-block-columns">
<div class="wp-container-1 wp-block-column" style="flex-basis:50%">
<figure class="wp-block-image size-large is-resized"><a href="http://iguz-bremen.de/wp-content/uploads/2022/09/B63516E2-5E18-40A7-B1B5-5563F1EF6837_1_201_a.jpeg"><img loading="lazy" src="http://iguz-bremen.de/wp-content/uploads/2022/09/B63516E2-5E18-40A7-B1B5-5563F1EF6837_1_201_a-1010x1024.jpeg" alt="" class="wp-image-311" width="351" height="355" srcset="http://iguz-bremen.de/wp-content/uploads/2022/09/B63516E2-5E18-40A7-B1B5-5563F1EF6837_1_201_a-1010x1024.jpeg 1010w, http://iguz-bremen.de/wp-content/uploads/2022/09/B63516E2-5E18-40A7-B1B5-5563F1EF6837_1_201_a-296x300.jpeg 296w, http://iguz-bremen.de/wp-content/uploads/2022/09/B63516E2-5E18-40A7-B1B5-5563F1EF6837_1_201_a-768x779.jpeg 768w, http://iguz-bremen.de/wp-content/uploads/2022/09/B63516E2-5E18-40A7-B1B5-5563F1EF6837_1_201_a-148x150.jpeg 148w, http://iguz-bremen.de/wp-content/uploads/2022/09/B63516E2-5E18-40A7-B1B5-5563F1EF6837_1_201_a.jpeg 1491w" sizes="(max-width: 351px) 100vw, 351px" /></a><figcaption>Frau Dr. Yvonne Feurig <br><strong>Niederlassung</strong> 1992<br><strong>Mitglied</strong> im Finanzausschuss und der DV der Zahnärztekammer Bremen<br><strong>Mitglied</strong> im Finanzausschuss und in der Vertreterversammlung der<br>KZV Bremen</figcaption></figure>
</div>



<div class="wp-container-2 wp-block-column" style="flex-basis:50%">
<figure class="wp-block-image size-large is-resized"><a href="http://iguz-bremen.de/wp-content/uploads/2015/10/IMG_0229.jpg"><img loading="lazy" src="http://iguz-bremen.de/wp-content/uploads/2015/10/IMG_0229-1024x1024.jpg" alt="" class="wp-image-51" width="353" height="353" srcset="http://iguz-bremen.de/wp-content/uploads/2015/10/IMG_0229-1024x1024.jpg 1024w, http://iguz-bremen.de/wp-content/uploads/2015/10/IMG_0229-150x150.jpg 150w, http://iguz-bremen.de/wp-content/uploads/2015/10/IMG_0229-300x300.jpg 300w" sizes="(max-width: 353px) 100vw, 353px" /></a></figure>



<p>Dr. Reinhold Gabriel<br><strong>Niederlassung</strong> 1988<br>Gründungsmitglied der IGUZ und seitdem im<br>IGUZ Vorstand</p>



<p></p>
</div>
</div>



<div class="wp-container-6 wp-block-columns">
<div class="wp-container-5 wp-block-column" style="flex-basis:100%">
<div class="wp-container-4 wp-block-group"><div class="wp-block-group__inner-container"></div></div>
</div>
</div>



<p>Für die Wahl zur Vertreterversammlung kandidieren Frau Dr. Yvonne Feurig und Herr Dr. Reinhold Gabriel</p>



<p>Für die Arbeit in der Vertreterversammlung sehen die Kandidaten der IGUZ folgende Schwerpunkte:</p>



<p>Verhinderung der Budgetierung und Punktwertreduktion durch das GKV-Finanzstabiliserungsgesetz im zahnärztlichen Bereich.&nbsp;<strong>Wir brauchen adäquate Vergütung der zahnärztlichen Leistungen bei steigender Inflation und steigenden Energiepreisen.</strong></p>



<p>Erstattung aller Kosten die im Zusammenhang mit der Telematikinfrastruktur entstehen.&nbsp;<strong>Keine zusätzlichen Kosten für die Praxen-EDV die keinen zusätzlichen Nutzen bringt.</strong></p>



<p>Bessere Rahmenbedingungen für die Tätigkeit in der Praxis und planbare und verlässlichere wirtschaftliche Rahmenbedingungen.&nbsp;<strong>weniger Bürokratie &#8211; mehr Praxis</strong></p>



<p>Keine Sicherstellungsinstrumente der KZV Bremen für verfehlte Gesundheitspolitik zu Lasten der Selbständigen Zahnärztinnen und Zahnärzte.&nbsp;<strong>Keine Zahnarztpraxen, die durch Mitgliedsbeiträge finanziert werden.</strong></p>



<p>Keine Eingriffe in die Vertragsautonomie der KZV und den Krankenkassen durch gesetzliche Punktwertabsenkungen. Vergütungsanpassung an den derzeit realen Kostensteigerungen.&nbsp;<strong>Punktwertanpassungen, die sich an der Realität orientieren.</strong></p>



<p>Keine weiteren investorgertragenen zahnärztlichen MVZ im Lande Bremen, für eine Verbesserung der Rahmenbedingungen für inhabergeführte Zahnarztpraxen.</p>



<p>Haben Sie Fragen oder Anregungen, so nehmen Sie gerne Kontakt mit uns auf.</p>



<figure class="wp-block-image size-full is-resized"><a href="http://iguz-bremen.de/wp-content/uploads/2016/09/FullSizeRender.jpg"><img loading="lazy" src="http://iguz-bremen.de/wp-content/uploads/2016/09/FullSizeRender.jpg" alt="" class="wp-image-210" width="836" height="549" srcset="http://iguz-bremen.de/wp-content/uploads/2016/09/FullSizeRender.jpg 640w, http://iguz-bremen.de/wp-content/uploads/2016/09/FullSizeRender-300x197.jpg 300w, http://iguz-bremen.de/wp-content/uploads/2016/09/FullSizeRender-229x150.jpg 229w, http://iguz-bremen.de/wp-content/uploads/2016/09/FullSizeRender-150x98.jpg 150w" sizes="(max-width: 836px) 100vw, 836px" /></a></figure>

<p>Dr. Reinhold GabrielNiederlassung 1988Gründungsmitglied der IGUZ und seitdem imIGUZ Vorstand Für die Wahl zur Vertreterversammlung kandidieren Frau Dr. Yvonne Feurig und Herr Dr. Reinhold Gabriel Für die Arbeit in der Vertreterversammlung sehen die Kandidaten der IGUZ folgende Schwerpunkte: Verhinderung der Budgetierung und Punktwertreduktion durch das GKV-Finanzstabiliserungsgesetz im zahnärztlichen Bereich.&nbsp;Wir brauchen … <a class="continue-reading-link" href="http://iguz-bremen.de/?page_id=298"> Continue reading</a></p>
<p> <a class="continue-reading-link" href="http://iguz-bremen.de/?page_id=298"> Continue reading</a></p>
